{"version":"1.0","provider_name":"Kuali","provider_url":"https:\/\/kuali.com.mx\/web","author_name":"Kuali Staff","author_url":"https:\/\/kuali.com.mx\/web\/author\/lagarto\/","title":"DEBE FEDERACI\u00d3N RECONOCER GRAVEDAD DE DESAPARICIONES: OBISPO","type":"rich","width":600,"height":338,"html":"<blockquote class=\"wp-embedded-content\" data-secret=\"f1KAU1aPHc\"><a href=\"https:\/\/kuali.com.mx\/web\/2026\/04\/12\/debe-federacion-reconocer-gravedad-de-desapariciones-obispo\/\">DEBE FEDERACI\u00d3N RECONOCER GRAVEDAD DE DESAPARICIONES: OBISPO<\/a><\/blockquote><iframe sandbox=\"allow-scripts\" security=\"restricted\" src=\"https:\/\/kuali.com.mx\/web\/2026\/04\/12\/debe-federacion-reconocer-gravedad-de-desapariciones-obispo\/embed\/#?secret=f1KAU1aPHc\" width=\"600\" height=\"338\" title=\"&#8220;DEBE FEDERACI\u00d3N RECONOCER GRAVEDAD DE DESAPARICIONES: OBISPO&#8221; &#8212; Kuali\" data-secret=\"f1KAU1aPHc\" frameborder=\"0\" marginwidth=\"0\" marginheight=\"0\" scrolling=\"no\" class=\"wp-embedded-content\"><\/iframe><script type=\"text\/javascript\">\n\/* <![CDATA[ *\/\n\/*! This file is auto-generated *\/\n!function(d,l){\"use strict\";l.querySelector&&d.addEventListener&&\"undefined\"!=typeof URL&&(d.wp=d.wp||{},d.wp.receiveEmbedMessage||(d.wp.receiveEmbedMessage=function(e){var t=e.data;if((t||t.secret||t.message||t.value)&&!\/[^a-zA-Z0-9]\/.test(t.secret)){for(var s,r,n,a=l.querySelectorAll('iframe[data-secret=\"'+t.secret+'\"]'),o=l.querySelectorAll('blockquote[data-secret=\"'+t.secret+'\"]'),c=new RegExp(\"^https?:$\",\"i\"),i=0;i<o.length;i++)o[i].style.display=\"none\";for(i=0;i<a.length;i++)s=a[i],e.source===s.contentWindow&&(s.removeAttribute(\"style\"),\"height\"===t.message?(1e3<(r=parseInt(t.value,10))?r=1e3:~~r<200&&(r=200),s.height=r):\"link\"===t.message&&(r=new URL(s.getAttribute(\"src\")),n=new URL(t.value),c.test(n.protocol))&&n.host===r.host&&l.activeElement===s&&(d.top.location.href=t.value))}},d.addEventListener(\"message\",d.wp.receiveEmbedMessage,!1),l.addEventListener(\"DOMContentLoaded\",function(){for(var e,t,s=l.querySelectorAll(\"iframe.wp-embedded-content\"),r=0;r<s.length;r++)(t=(e=s[r]).getAttribute(\"data-secret\"))||(t=Math.random().toString(36).substring(2,12),e.src+=\"#?secret=\"+t,e.setAttribute(\"data-secret\",t)),e.contentWindow.postMessage({message:\"ready\",secret:t},\"*\")},!1)))}(window,document);\n\/\/# sourceURL=https:\/\/kuali.com.mx\/web\/wp-includes\/js\/wp-embed.min.js\n\/* ]]> *\/\n<\/script>\n","thumbnail_url":"https:\/\/kuali.com.mx\/web\/wp-content\/uploads\/2020\/02\/Familiares-desaparecidos-amenazados.jpg","thumbnail_width":1778,"thumbnail_height":750,"description":"Milagros Tadeo\/Irapuato, Gto.-&nbsp;El obispo de Irapuato, Enrique D\u00edaz D\u00edaz, llam\u00f3 al Gobierno mexicano a reconocer la gravedad de la crisis de desapariciones en el pa\u00eds, luego de que la ONU advirti\u00f3 que estos casos ya constituyen cr\u00edmenes de lesa humanidad. Se\u00f1al\u00f3 que mientras no se reconozca la magnitud del problema, ser\u00e1 dif\u00edcil avanzar en las [&hellip;]"}

DEBE FEDERACIÓN RECONOCER GRAVEDAD DE DESAPARICIONES: OBISPO

<blockquote class="wp-embedded-content" data-secret="f1KAU1aPHc"><a href="https://kuali.com.mx/web/2026/04/12/debe-federacion-reconocer-gravedad-de-desapariciones-obispo/">DEBE FEDERACIÓN RECONOCER GRAVEDAD DE DESAPARICIONES: OBISPO</a></blockquote><iframe sandbox="allow-scripts" security="restricted" src="https://kuali.com.mx/web/2026/04/12/debe-federacion-reconocer-gravedad-de-desapariciones-obispo/embed/#?secret=f1KAU1aPHc" width="600" height="338" title="&#8220;DEBE FEDERACIÓN RECONOCER GRAVEDAD DE DESAPARICIONES: OBISPO&#8221; &#8212; Kuali" data-secret="f1KAU1aPHc" frameborder="0" marginwidth="0" marginheight="0" scrolling="no" class="wp-embedded-content"></iframe><script type="text/javascript">
/* <![CDATA[ */
/*! This file is auto-generated */
!function(d,l){"use strict";l.querySelector&&d.addEventListener&&"undefined"!=typeof URL&&(d.wp=d.wp||{},d.wp.receiveEmbedMessage||(d.wp.receiveEmbedMessage=function(e){var t=e.data;if((t||t.secret||t.message||t.value)&&!/[^a-zA-Z0-9]/.test(t.secret)){for(var s,r,n,a=l.querySelectorAll('iframe[data-secret="'+t.secret+'"]'),o=l.querySelectorAll('blockquote[data-secret="'+t.secret+'"]'),c=new RegExp("^https?:$","i"),i=0;i<o.length;i++)o[i].style.display="none";for(i=0;i<a.length;i++)s=a[i],e.source===s.contentWindow&&(s.removeAttribute("style"),"height"===t.message?(1e3<(r=parseInt(t.value,10))?r=1e3:~~r<200&&(r=200),s.height=r):"link"===t.message&&(r=new URL(s.getAttribute("src")),n=new URL(t.value),c.test(n.protocol))&&n.host===r.host&&l.activeElement===s&&(d.top.location.href=t.value))}},d.addEventListener("message",d.wp.receiveEmbedMessage,!1),l.addEventListener("DOMContentLoaded",function(){for(var e,t,s=l.querySelectorAll("iframe.wp-embedded-content"),r=0;r<s.length;r++)(t=(e=s[r]).getAttribute("data-secret"))||(t=Math.random().toString(36).substring(2,12),e.src+="#?secret="+t,e.setAttribute("data-secret",t)),e.contentWindow.postMessage({message:"ready",secret:t},"*")},!1)))}(window,document);
//# sourceURL=https://kuali.com.mx/web/wp-includes/js/wp-embed.min.js
/* ]]> */
</script>

Milagros Tadeo/Irapuato, Gto.-&nbsp;El obispo de Irapuato, Enrique Díaz Díaz, llamó al Gobierno mexicano a reconocer la gravedad de la crisis de desapariciones en el país, luego de que la ONU advirtió que estos casos ya constituyen crímenes de lesa humanidad. Señaló que mientras no se reconozca la magnitud del problema, será difícil avanzar en las [&hellip;]
