{"version":"1.0","provider_name":"Kuali","provider_url":"https:\/\/kuali.com.mx\/web","author_name":"Kuali Staff","author_url":"https:\/\/kuali.com.mx\/web\/author\/lagarto\/","title":"JAVIER CAMARENA ENGALANA EL FESTIVAL DE IRAPUATO","type":"rich","width":600,"height":338,"html":"<blockquote class=\"wp-embedded-content\" data-secret=\"IXQV3zStg4\"><a href=\"https:\/\/kuali.com.mx\/web\/2026\/02\/08\/javier-camarena-engalana-el-festival-de-irapuato\/\">JAVIER CAMARENA ENGALANA EL FESTIVAL DE IRAPUATO<\/a><\/blockquote><iframe sandbox=\"allow-scripts\" security=\"restricted\" src=\"https:\/\/kuali.com.mx\/web\/2026\/02\/08\/javier-camarena-engalana-el-festival-de-irapuato\/embed\/#?secret=IXQV3zStg4\" width=\"600\" height=\"338\" title=\"&#8220;JAVIER CAMARENA ENGALANA EL FESTIVAL DE IRAPUATO&#8221; &#8212; Kuali\" data-secret=\"IXQV3zStg4\" frameborder=\"0\" marginwidth=\"0\" marginheight=\"0\" scrolling=\"no\" class=\"wp-embedded-content\"><\/iframe><script type=\"text\/javascript\">\n\/* <![CDATA[ *\/\n\/*! This file is auto-generated *\/\n!function(d,l){\"use strict\";l.querySelector&&d.addEventListener&&\"undefined\"!=typeof URL&&(d.wp=d.wp||{},d.wp.receiveEmbedMessage||(d.wp.receiveEmbedMessage=function(e){var t=e.data;if((t||t.secret||t.message||t.value)&&!\/[^a-zA-Z0-9]\/.test(t.secret)){for(var s,r,n,a=l.querySelectorAll('iframe[data-secret=\"'+t.secret+'\"]'),o=l.querySelectorAll('blockquote[data-secret=\"'+t.secret+'\"]'),c=new RegExp(\"^https?:$\",\"i\"),i=0;i<o.length;i++)o[i].style.display=\"none\";for(i=0;i<a.length;i++)s=a[i],e.source===s.contentWindow&&(s.removeAttribute(\"style\"),\"height\"===t.message?(1e3<(r=parseInt(t.value,10))?r=1e3:~~r<200&&(r=200),s.height=r):\"link\"===t.message&&(r=new URL(s.getAttribute(\"src\")),n=new URL(t.value),c.test(n.protocol))&&n.host===r.host&&l.activeElement===s&&(d.top.location.href=t.value))}},d.addEventListener(\"message\",d.wp.receiveEmbedMessage,!1),l.addEventListener(\"DOMContentLoaded\",function(){for(var e,t,s=l.querySelectorAll(\"iframe.wp-embedded-content\"),r=0;r<s.length;r++)(t=(e=s[r]).getAttribute(\"data-secret\"))||(t=Math.random().toString(36).substring(2,12),e.src+=\"#?secret=\"+t,e.setAttribute(\"data-secret\",t)),e.contentWindow.postMessage({message:\"ready\",secret:t},\"*\")},!1)))}(window,document);\n\/\/# sourceURL=https:\/\/kuali.com.mx\/web\/wp-includes\/js\/wp-embed.min.js\n\/* ]]> *\/\n<\/script>\n","thumbnail_url":"https:\/\/kuali.com.mx\/web\/wp-content\/uploads\/2026\/02\/CAMARENA.png","thumbnail_width":1750,"thumbnail_height":922,"description":"Paula Vega\/Irapuato, Gto.-El tenor mexicano Javier Camarena ofreci\u00f3 una presentaci\u00f3n memorable en el Teatro de la Ciudad, en el marco del Festival de la Ciudad 2026, en una velada que combin\u00f3 la grandeza de la \u00f3pera con la intimidad de la m\u00fasica mexicana y el profundo v\u00ednculo personal que lo une a Guanajuato. El concierto [&hellip;]"}

Paula Vega/Irapuato, Gto.-El tenor mexicano Javier Camarena ofreció una presentación memorable en el Teatro de la Ciudad, en el marco del Festival de la Ciudad 2026, en una velada que combinó la grandeza de la ópera con la intimidad de la música mexicana y el profundo vínculo personal que lo une a Guanajuato. El concierto [&hellip;]
