{"version":"1.0","provider_name":"Kuali","provider_url":"https:\/\/kuali.com.mx\/web","author_name":"Kuali Staff","author_url":"https:\/\/kuali.com.mx\/web\/author\/lagarto\/","title":"ASESINAN A COMANDANTE DE LA POLIC\u00cdA DE P\u00c9NJAMO","type":"rich","width":600,"height":338,"html":"<blockquote class=\"wp-embedded-content\" data-secret=\"0J7ZzR0lN1\"><a href=\"https:\/\/kuali.com.mx\/web\/2025\/07\/17\/asesinan-a-comandante-de-la-policia-de-penjamo\/\">ASESINAN A COMANDANTE DE LA POLIC\u00cdA DE P\u00c9NJAMO<\/a><\/blockquote><iframe sandbox=\"allow-scripts\" security=\"restricted\" src=\"https:\/\/kuali.com.mx\/web\/2025\/07\/17\/asesinan-a-comandante-de-la-policia-de-penjamo\/embed\/#?secret=0J7ZzR0lN1\" width=\"600\" height=\"338\" title=\"&#8220;ASESINAN A COMANDANTE DE LA POLIC\u00cdA DE P\u00c9NJAMO&#8221; &#8212; Kuali\" data-secret=\"0J7ZzR0lN1\" frameborder=\"0\" marginwidth=\"0\" marginheight=\"0\" scrolling=\"no\" class=\"wp-embedded-content\"><\/iframe><script type=\"text\/javascript\">\n\/* <![CDATA[ *\/\n\/*! This file is auto-generated *\/\n!function(d,l){\"use strict\";l.querySelector&&d.addEventListener&&\"undefined\"!=typeof URL&&(d.wp=d.wp||{},d.wp.receiveEmbedMessage||(d.wp.receiveEmbedMessage=function(e){var t=e.data;if((t||t.secret||t.message||t.value)&&!\/[^a-zA-Z0-9]\/.test(t.secret)){for(var s,r,n,a=l.querySelectorAll('iframe[data-secret=\"'+t.secret+'\"]'),o=l.querySelectorAll('blockquote[data-secret=\"'+t.secret+'\"]'),c=new RegExp(\"^https?:$\",\"i\"),i=0;i<o.length;i++)o[i].style.display=\"none\";for(i=0;i<a.length;i++)s=a[i],e.source===s.contentWindow&&(s.removeAttribute(\"style\"),\"height\"===t.message?(1e3<(r=parseInt(t.value,10))?r=1e3:~~r<200&&(r=200),s.height=r):\"link\"===t.message&&(r=new URL(s.getAttribute(\"src\")),n=new URL(t.value),c.test(n.protocol))&&n.host===r.host&&l.activeElement===s&&(d.top.location.href=t.value))}},d.addEventListener(\"message\",d.wp.receiveEmbedMessage,!1),l.addEventListener(\"DOMContentLoaded\",function(){for(var e,t,s=l.querySelectorAll(\"iframe.wp-embedded-content\"),r=0;r<s.length;r++)(t=(e=s[r]).getAttribute(\"data-secret\"))||(t=Math.random().toString(36).substring(2,12),e.src+=\"#?secret=\"+t,e.setAttribute(\"data-secret\",t)),e.contentWindow.postMessage({message:\"ready\",secret:t},\"*\")},!1)))}(window,document);\n\/\/# sourceURL=https:\/\/kuali.com.mx\/web\/wp-includes\/js\/wp-embed.min.js\n\/* ]]> *\/\n<\/script>\n","thumbnail_url":"https:\/\/kuali.com.mx\/web\/wp-content\/uploads\/2018\/01\/Ejecutados-Semefo.jpg","thumbnail_width":1280,"thumbnail_height":854,"description":"Carlos Garc\u00eda\/P\u00e9njamo, Gto.- Un comandante de la polic\u00eda del gobierno morenista de P\u00e9njamo fue asesinado a balazos en el interior de su casa. Andr\u00e9s, primer oficial de seguridad, fue atacado en el interior de su casa en la comunidad de Rancho Seco de Barajas. El gobierno de la alcaldesa Yozajamby Florencia Molina Balver confirm\u00f3 que [&hellip;]"}

ASESINAN A COMANDANTE DE LA POLICÍA DE PÉNJAMO

<blockquote class="wp-embedded-content" data-secret="0J7ZzR0lN1"><a href="https://kuali.com.mx/web/2025/07/17/asesinan-a-comandante-de-la-policia-de-penjamo/">ASESINAN A COMANDANTE DE LA POLICÍA DE PÉNJAMO</a></blockquote><iframe sandbox="allow-scripts" security="restricted" src="https://kuali.com.mx/web/2025/07/17/asesinan-a-comandante-de-la-policia-de-penjamo/embed/#?secret=0J7ZzR0lN1" width="600" height="338" title="&#8220;ASESINAN A COMANDANTE DE LA POLICÍA DE PÉNJAMO&#8221; &#8212; Kuali" data-secret="0J7ZzR0lN1" frameborder="0" marginwidth="0" marginheight="0" scrolling="no" class="wp-embedded-content"></iframe><script type="text/javascript">
/* <![CDATA[ */
/*! This file is auto-generated */
!function(d,l){"use strict";l.querySelector&&d.addEventListener&&"undefined"!=typeof URL&&(d.wp=d.wp||{},d.wp.receiveEmbedMessage||(d.wp.receiveEmbedMessage=function(e){var t=e.data;if((t||t.secret||t.message||t.value)&&!/[^a-zA-Z0-9]/.test(t.secret)){for(var s,r,n,a=l.querySelectorAll('iframe[data-secret="'+t.secret+'"]'),o=l.querySelectorAll('blockquote[data-secret="'+t.secret+'"]'),c=new RegExp("^https?:$","i"),i=0;i<o.length;i++)o[i].style.display="none";for(i=0;i<a.length;i++)s=a[i],e.source===s.contentWindow&&(s.removeAttribute("style"),"height"===t.message?(1e3<(r=parseInt(t.value,10))?r=1e3:~~r<200&&(r=200),s.height=r):"link"===t.message&&(r=new URL(s.getAttribute("src")),n=new URL(t.value),c.test(n.protocol))&&n.host===r.host&&l.activeElement===s&&(d.top.location.href=t.value))}},d.addEventListener("message",d.wp.receiveEmbedMessage,!1),l.addEventListener("DOMContentLoaded",function(){for(var e,t,s=l.querySelectorAll("iframe.wp-embedded-content"),r=0;r<s.length;r++)(t=(e=s[r]).getAttribute("data-secret"))||(t=Math.random().toString(36).substring(2,12),e.src+="#?secret="+t,e.setAttribute("data-secret",t)),e.contentWindow.postMessage({message:"ready",secret:t},"*")},!1)))}(window,document);
//# sourceURL=https://kuali.com.mx/web/wp-includes/js/wp-embed.min.js
/* ]]> */
</script>

Carlos García/Pénjamo, Gto.- Un comandante de la policía del gobierno morenista de Pénjamo fue asesinado a balazos en el interior de su casa. Andrés, primer oficial de seguridad, fue atacado en el interior de su casa en la comunidad de Rancho Seco de Barajas. El gobierno de la alcaldesa Yozajamby Florencia Molina Balver confirmó que [&hellip;]
