{"version":"1.0","provider_name":"Kuali","provider_url":"https:\/\/kuali.com.mx\/web","author_name":"Kuali Staff","author_url":"https:\/\/kuali.com.mx\/web\/author\/lagarto\/","title":"CONMEMORAN NATALICIO DE BENITO JU\u00c1REZ GARC\u00cdA","type":"rich","width":600,"height":338,"html":"<blockquote class=\"wp-embedded-content\" data-secret=\"9UBJCsgT8N\"><a href=\"https:\/\/kuali.com.mx\/web\/2025\/03\/21\/conmemoran-natalicio-de-benito-juarez-garcia\/\">CONMEMORAN NATALICIO DE BENITO JU\u00c1REZ GARC\u00cdA<\/a><\/blockquote><iframe sandbox=\"allow-scripts\" security=\"restricted\" src=\"https:\/\/kuali.com.mx\/web\/2025\/03\/21\/conmemoran-natalicio-de-benito-juarez-garcia\/embed\/#?secret=9UBJCsgT8N\" width=\"600\" height=\"338\" title=\"&#8220;CONMEMORAN NATALICIO DE BENITO JU\u00c1REZ GARC\u00cdA&#8221; &#8212; Kuali\" data-secret=\"9UBJCsgT8N\" frameborder=\"0\" marginwidth=\"0\" marginheight=\"0\" scrolling=\"no\" class=\"wp-embedded-content\"><\/iframe><script type=\"text\/javascript\">\n\/* <![CDATA[ *\/\n\/*! This file is auto-generated *\/\n!function(d,l){\"use strict\";l.querySelector&&d.addEventListener&&\"undefined\"!=typeof URL&&(d.wp=d.wp||{},d.wp.receiveEmbedMessage||(d.wp.receiveEmbedMessage=function(e){var t=e.data;if((t||t.secret||t.message||t.value)&&!\/[^a-zA-Z0-9]\/.test(t.secret)){for(var s,r,n,a=l.querySelectorAll('iframe[data-secret=\"'+t.secret+'\"]'),o=l.querySelectorAll('blockquote[data-secret=\"'+t.secret+'\"]'),c=new RegExp(\"^https?:$\",\"i\"),i=0;i<o.length;i++)o[i].style.display=\"none\";for(i=0;i<a.length;i++)s=a[i],e.source===s.contentWindow&&(s.removeAttribute(\"style\"),\"height\"===t.message?(1e3<(r=parseInt(t.value,10))?r=1e3:~~r<200&&(r=200),s.height=r):\"link\"===t.message&&(r=new URL(s.getAttribute(\"src\")),n=new URL(t.value),c.test(n.protocol))&&n.host===r.host&&l.activeElement===s&&(d.top.location.href=t.value))}},d.addEventListener(\"message\",d.wp.receiveEmbedMessage,!1),l.addEventListener(\"DOMContentLoaded\",function(){for(var e,t,s=l.querySelectorAll(\"iframe.wp-embedded-content\"),r=0;r<s.length;r++)(t=(e=s[r]).getAttribute(\"data-secret\"))||(t=Math.random().toString(36).substring(2,12),e.src+=\"#?secret=\"+t,e.setAttribute(\"data-secret\",t)),e.contentWindow.postMessage({message:\"ready\",secret:t},\"*\")},!1)))}(window,document);\n\/\/# sourceURL=https:\/\/kuali.com.mx\/web\/wp-includes\/js\/wp-embed.min.js\n\/* ]]> *\/\n<\/script>\n","thumbnail_url":"https:\/\/kuali.com.mx\/web\/wp-content\/uploads\/2025\/03\/JUAREZ-A.jpg","thumbnail_width":1670,"thumbnail_height":750,"description":"Kuali\/Irapuato, Gto.-Autoridades del Gobierno de Irapuato, a trav\u00e9s de la Direcci\u00f3n de Educaci\u00f3n, realizaron guardia de honor en la conmemoraci\u00f3n del\u00a0219 Aniversario del Natalicio de Benito Ju\u00e1rez Garc\u00eda. Lorena Alfaro Garc\u00eda, presidenta municipal, record\u00f3 este 21 de marzo como una fecha que resuena a nivel nacional pues refiere el nacimiento de una figura muy importante [&hellip;]"}

CONMEMORAN NATALICIO DE BENITO JUÁREZ GARCÍA

<blockquote class="wp-embedded-content" data-secret="9UBJCsgT8N"><a href="https://kuali.com.mx/web/2025/03/21/conmemoran-natalicio-de-benito-juarez-garcia/">CONMEMORAN NATALICIO DE BENITO JUÁREZ GARCÍA</a></blockquote><iframe sandbox="allow-scripts" security="restricted" src="https://kuali.com.mx/web/2025/03/21/conmemoran-natalicio-de-benito-juarez-garcia/embed/#?secret=9UBJCsgT8N" width="600" height="338" title="&#8220;CONMEMORAN NATALICIO DE BENITO JUÁREZ GARCÍA&#8221; &#8212; Kuali" data-secret="9UBJCsgT8N" frameborder="0" marginwidth="0" marginheight="0" scrolling="no" class="wp-embedded-content"></iframe><script type="text/javascript">
/* <![CDATA[ */
/*! This file is auto-generated */
!function(d,l){"use strict";l.querySelector&&d.addEventListener&&"undefined"!=typeof URL&&(d.wp=d.wp||{},d.wp.receiveEmbedMessage||(d.wp.receiveEmbedMessage=function(e){var t=e.data;if((t||t.secret||t.message||t.value)&&!/[^a-zA-Z0-9]/.test(t.secret)){for(var s,r,n,a=l.querySelectorAll('iframe[data-secret="'+t.secret+'"]'),o=l.querySelectorAll('blockquote[data-secret="'+t.secret+'"]'),c=new RegExp("^https?:$","i"),i=0;i<o.length;i++)o[i].style.display="none";for(i=0;i<a.length;i++)s=a[i],e.source===s.contentWindow&&(s.removeAttribute("style"),"height"===t.message?(1e3<(r=parseInt(t.value,10))?r=1e3:~~r<200&&(r=200),s.height=r):"link"===t.message&&(r=new URL(s.getAttribute("src")),n=new URL(t.value),c.test(n.protocol))&&n.host===r.host&&l.activeElement===s&&(d.top.location.href=t.value))}},d.addEventListener("message",d.wp.receiveEmbedMessage,!1),l.addEventListener("DOMContentLoaded",function(){for(var e,t,s=l.querySelectorAll("iframe.wp-embedded-content"),r=0;r<s.length;r++)(t=(e=s[r]).getAttribute("data-secret"))||(t=Math.random().toString(36).substring(2,12),e.src+="#?secret="+t,e.setAttribute("data-secret",t)),e.contentWindow.postMessage({message:"ready",secret:t},"*")},!1)))}(window,document);
//# sourceURL=https://kuali.com.mx/web/wp-includes/js/wp-embed.min.js
/* ]]> */
</script>

Kuali/Irapuato, Gto.-Autoridades del Gobierno de Irapuato, a través de la Dirección de Educación, realizaron guardia de honor en la conmemoración del 219 Aniversario del Natalicio de Benito Juárez García. Lorena Alfaro García, presidenta municipal, recordó este 21 de marzo como una fecha que resuena a nivel nacional pues refiere el nacimiento de una figura muy importante [&hellip;]
