{"version":"1.0","provider_name":"Kuali","provider_url":"https:\/\/kuali.com.mx\/web","author_name":"Kuali Staff","author_url":"https:\/\/kuali.com.mx\/web\/author\/lagarto\/","title":"CONMEMORAN ADHESI\u00d3N DE GUANAJUATO AL FEDERALISMO","type":"rich","width":600,"height":338,"html":"<blockquote class=\"wp-embedded-content\" data-secret=\"2LGjVu2w5g\"><a href=\"https:\/\/kuali.com.mx\/web\/2024\/01\/31\/conmemoran-adhesion-de-guanajuato-al-federalismo\/\">CONMEMORAN ADHESI\u00d3N DE GUANAJUATO AL FEDERALISMO<\/a><\/blockquote><iframe sandbox=\"allow-scripts\" security=\"restricted\" src=\"https:\/\/kuali.com.mx\/web\/2024\/01\/31\/conmemoran-adhesion-de-guanajuato-al-federalismo\/embed\/#?secret=2LGjVu2w5g\" width=\"600\" height=\"338\" title=\"&#8220;CONMEMORAN ADHESI\u00d3N DE GUANAJUATO AL FEDERALISMO&#8221; &#8212; Kuali\" data-secret=\"2LGjVu2w5g\" frameborder=\"0\" marginwidth=\"0\" marginheight=\"0\" scrolling=\"no\" class=\"wp-embedded-content\"><\/iframe><script type=\"text\/javascript\">\n\/* <![CDATA[ *\/\n\/*! This file is auto-generated *\/\n!function(d,l){\"use strict\";l.querySelector&&d.addEventListener&&\"undefined\"!=typeof URL&&(d.wp=d.wp||{},d.wp.receiveEmbedMessage||(d.wp.receiveEmbedMessage=function(e){var t=e.data;if((t||t.secret||t.message||t.value)&&!\/[^a-zA-Z0-9]\/.test(t.secret)){for(var s,r,n,a=l.querySelectorAll('iframe[data-secret=\"'+t.secret+'\"]'),o=l.querySelectorAll('blockquote[data-secret=\"'+t.secret+'\"]'),c=new RegExp(\"^https?:$\",\"i\"),i=0;i<o.length;i++)o[i].style.display=\"none\";for(i=0;i<a.length;i++)s=a[i],e.source===s.contentWindow&&(s.removeAttribute(\"style\"),\"height\"===t.message?(1e3<(r=parseInt(t.value,10))?r=1e3:~~r<200&&(r=200),s.height=r):\"link\"===t.message&&(r=new URL(s.getAttribute(\"src\")),n=new URL(t.value),c.test(n.protocol))&&n.host===r.host&&l.activeElement===s&&(d.top.location.href=t.value))}},d.addEventListener(\"message\",d.wp.receiveEmbedMessage,!1),l.addEventListener(\"DOMContentLoaded\",function(){for(var e,t,s=l.querySelectorAll(\"iframe.wp-embedded-content\"),r=0;r<s.length;r++)(t=(e=s[r]).getAttribute(\"data-secret\"))||(t=Math.random().toString(36).substring(2,12),e.src+=\"#?secret=\"+t,e.setAttribute(\"data-secret\",t)),e.contentWindow.postMessage({message:\"ready\",secret:t},\"*\")},!1)))}(window,document);\n\/\/# sourceURL=https:\/\/kuali.com.mx\/web\/wp-includes\/js\/wp-embed.min.js\n\/* ]]> *\/\n<\/script>\n","thumbnail_url":"https:\/\/kuali.com.mx\/web\/wp-content\/uploads\/2024\/01\/Congreso-24.jpeg","thumbnail_width":1600,"thumbnail_height":1066,"description":"Kuali\/Guanajuato, Gto.- El Congreso de Guanajuato realiz\u00f3 una sesi\u00f3n solemne para conmemorar la la Adhesi\u00f3n Formal del Estado al Federalismo Mexicano. \"Hoy desde Guanajuato reiteramos nuestra determinaci\u00f3n de seguir por el camino de la descentralizaci\u00f3n y la autonom\u00eda, tal como lo hicimos hace dos siglos, sin dar pasos hacia atr\u00e1s\", manifest\u00f3 el presidente del Congreso, [&hellip;]"}

CONMEMORAN ADHESIÓN DE GUANAJUATO AL FEDERALISMO

<blockquote class="wp-embedded-content" data-secret="2LGjVu2w5g"><a href="https://kuali.com.mx/web/2024/01/31/conmemoran-adhesion-de-guanajuato-al-federalismo/">CONMEMORAN ADHESIÓN DE GUANAJUATO AL FEDERALISMO</a></blockquote><iframe sandbox="allow-scripts" security="restricted" src="https://kuali.com.mx/web/2024/01/31/conmemoran-adhesion-de-guanajuato-al-federalismo/embed/#?secret=2LGjVu2w5g" width="600" height="338" title="&#8220;CONMEMORAN ADHESIÓN DE GUANAJUATO AL FEDERALISMO&#8221; &#8212; Kuali" data-secret="2LGjVu2w5g" frameborder="0" marginwidth="0" marginheight="0" scrolling="no" class="wp-embedded-content"></iframe><script type="text/javascript">
/* <![CDATA[ */
/*! This file is auto-generated */
!function(d,l){"use strict";l.querySelector&&d.addEventListener&&"undefined"!=typeof URL&&(d.wp=d.wp||{},d.wp.receiveEmbedMessage||(d.wp.receiveEmbedMessage=function(e){var t=e.data;if((t||t.secret||t.message||t.value)&&!/[^a-zA-Z0-9]/.test(t.secret)){for(var s,r,n,a=l.querySelectorAll('iframe[data-secret="'+t.secret+'"]'),o=l.querySelectorAll('blockquote[data-secret="'+t.secret+'"]'),c=new RegExp("^https?:$","i"),i=0;i<o.length;i++)o[i].style.display="none";for(i=0;i<a.length;i++)s=a[i],e.source===s.contentWindow&&(s.removeAttribute("style"),"height"===t.message?(1e3<(r=parseInt(t.value,10))?r=1e3:~~r<200&&(r=200),s.height=r):"link"===t.message&&(r=new URL(s.getAttribute("src")),n=new URL(t.value),c.test(n.protocol))&&n.host===r.host&&l.activeElement===s&&(d.top.location.href=t.value))}},d.addEventListener("message",d.wp.receiveEmbedMessage,!1),l.addEventListener("DOMContentLoaded",function(){for(var e,t,s=l.querySelectorAll("iframe.wp-embedded-content"),r=0;r<s.length;r++)(t=(e=s[r]).getAttribute("data-secret"))||(t=Math.random().toString(36).substring(2,12),e.src+="#?secret="+t,e.setAttribute("data-secret",t)),e.contentWindow.postMessage({message:"ready",secret:t},"*")},!1)))}(window,document);
//# sourceURL=https://kuali.com.mx/web/wp-includes/js/wp-embed.min.js
/* ]]> */
</script>

Kuali/Guanajuato, Gto.- El Congreso de Guanajuato realizó una sesión solemne para conmemorar la la Adhesión Formal del Estado al Federalismo Mexicano. "Hoy desde Guanajuato reiteramos nuestra determinación de seguir por el camino de la descentralización y la autonomía, tal como lo hicimos hace dos siglos, sin dar pasos hacia atrás", manifestó el presidente del Congreso, [&hellip;]
