{"version":"1.0","provider_name":"Kuali","provider_url":"https:\/\/kuali.com.mx\/web","author_name":"Kuali Staff","author_url":"https:\/\/kuali.com.mx\/web\/author\/lagarto\/","title":"FENAL ABRE CONVOCATORIA PARA ARTISTAS LEONESES","type":"rich","width":600,"height":338,"html":"<blockquote class=\"wp-embedded-content\" data-secret=\"MUfeQxszP8\"><a href=\"https:\/\/kuali.com.mx\/web\/2024\/01\/22\/fenal-abre-convocatoria-para-artistas-leoneses\/\">FENAL ABRE CONVOCATORIA PARA ARTISTAS LEONESES<\/a><\/blockquote><iframe sandbox=\"allow-scripts\" security=\"restricted\" src=\"https:\/\/kuali.com.mx\/web\/2024\/01\/22\/fenal-abre-convocatoria-para-artistas-leoneses\/embed\/#?secret=MUfeQxszP8\" width=\"600\" height=\"338\" title=\"&#8220;FENAL ABRE CONVOCATORIA PARA ARTISTAS LEONESES&#8221; &#8212; Kuali\" data-secret=\"MUfeQxszP8\" frameborder=\"0\" marginwidth=\"0\" marginheight=\"0\" scrolling=\"no\" class=\"wp-embedded-content\"><\/iframe><script type=\"text\/javascript\">\n\/* <![CDATA[ *\/\n\/*! This file is auto-generated *\/\n!function(d,l){\"use strict\";l.querySelector&&d.addEventListener&&\"undefined\"!=typeof URL&&(d.wp=d.wp||{},d.wp.receiveEmbedMessage||(d.wp.receiveEmbedMessage=function(e){var t=e.data;if((t||t.secret||t.message||t.value)&&!\/[^a-zA-Z0-9]\/.test(t.secret)){for(var s,r,n,a=l.querySelectorAll('iframe[data-secret=\"'+t.secret+'\"]'),o=l.querySelectorAll('blockquote[data-secret=\"'+t.secret+'\"]'),c=new RegExp(\"^https?:$\",\"i\"),i=0;i<o.length;i++)o[i].style.display=\"none\";for(i=0;i<a.length;i++)s=a[i],e.source===s.contentWindow&&(s.removeAttribute(\"style\"),\"height\"===t.message?(1e3<(r=parseInt(t.value,10))?r=1e3:~~r<200&&(r=200),s.height=r):\"link\"===t.message&&(r=new URL(s.getAttribute(\"src\")),n=new URL(t.value),c.test(n.protocol))&&n.host===r.host&&l.activeElement===s&&(d.top.location.href=t.value))}},d.addEventListener(\"message\",d.wp.receiveEmbedMessage,!1),l.addEventListener(\"DOMContentLoaded\",function(){for(var e,t,s=l.querySelectorAll(\"iframe.wp-embedded-content\"),r=0;r<s.length;r++)(t=(e=s[r]).getAttribute(\"data-secret\"))||(t=Math.random().toString(36).substring(2,12),e.src+=\"#?secret=\"+t,e.setAttribute(\"data-secret\",t)),e.contentWindow.postMessage({message:\"ready\",secret:t},\"*\")},!1)))}(window,document);\n\/\/# sourceURL=https:\/\/kuali.com.mx\/web\/wp-includes\/js\/wp-embed.min.js\n\/* ]]> *\/\n<\/script>\n","thumbnail_url":"https:\/\/kuali.com.mx\/web\/wp-content\/uploads\/2024\/01\/Fenal-35-convocatoria.gif","thumbnail_width":1700,"thumbnail_height":750,"description":"Kuali\/Le\u00f3n, Gto.- Ya est\u00e1 abierta la convocatoria para que la comunidad art\u00edstica se postule para presentar su trabajo en la edici\u00f3n 35 de la Feria Nacional del Libro de Le\u00f3n (Fenal), que se realizar\u00e1 del 17 al 26 de mayo. El Instituto Cultural de Le\u00f3n (ICL) invita a artistas, colectivos, compa\u00f1\u00edas o grupos esc\u00e9nicos profesionales [&hellip;]"}

Kuali/León, Gto.- Ya está abierta la convocatoria para que la comunidad artística se postule para presentar su trabajo en la edición 35 de la Feria Nacional del Libro de León (Fenal), que se realizará del 17 al 26 de mayo. El Instituto Cultural de León (ICL) invita a artistas, colectivos, compañías o grupos escénicos profesionales [&hellip;]
