{"version":"1.0","provider_name":"Kuali","provider_url":"https:\/\/kuali.com.mx\/web","author_name":"Kuali Staff","author_url":"https:\/\/kuali.com.mx\/web\/author\/lagarto\/","title":"&#8220;COQUETEA&#8221; PVEM CON LA PRIISTA YULMA ROCHA","type":"rich","width":600,"height":338,"html":"<blockquote class=\"wp-embedded-content\" data-secret=\"d3a7dKQfKd\"><a href=\"https:\/\/kuali.com.mx\/web\/2023\/10\/24\/coquetea-pvem-con-la-priista-yulma-rocha\/\">&#8220;COQUETEA&#8221; PVEM CON LA PRIISTA YULMA ROCHA<\/a><\/blockquote><iframe sandbox=\"allow-scripts\" security=\"restricted\" src=\"https:\/\/kuali.com.mx\/web\/2023\/10\/24\/coquetea-pvem-con-la-priista-yulma-rocha\/embed\/#?secret=d3a7dKQfKd\" width=\"600\" height=\"338\" title=\"&#8220;&#8220;COQUETEA&#8221; PVEM CON LA PRIISTA YULMA ROCHA&#8221; &#8212; Kuali\" data-secret=\"d3a7dKQfKd\" frameborder=\"0\" marginwidth=\"0\" marginheight=\"0\" scrolling=\"no\" class=\"wp-embedded-content\"><\/iframe><script type=\"text\/javascript\">\n\/* <![CDATA[ *\/\n\/*! This file is auto-generated *\/\n!function(d,l){\"use strict\";l.querySelector&&d.addEventListener&&\"undefined\"!=typeof URL&&(d.wp=d.wp||{},d.wp.receiveEmbedMessage||(d.wp.receiveEmbedMessage=function(e){var t=e.data;if((t||t.secret||t.message||t.value)&&!\/[^a-zA-Z0-9]\/.test(t.secret)){for(var s,r,n,a=l.querySelectorAll('iframe[data-secret=\"'+t.secret+'\"]'),o=l.querySelectorAll('blockquote[data-secret=\"'+t.secret+'\"]'),c=new RegExp(\"^https?:$\",\"i\"),i=0;i<o.length;i++)o[i].style.display=\"none\";for(i=0;i<a.length;i++)s=a[i],e.source===s.contentWindow&&(s.removeAttribute(\"style\"),\"height\"===t.message?(1e3<(r=parseInt(t.value,10))?r=1e3:~~r<200&&(r=200),s.height=r):\"link\"===t.message&&(r=new URL(s.getAttribute(\"src\")),n=new URL(t.value),c.test(n.protocol))&&n.host===r.host&&l.activeElement===s&&(d.top.location.href=t.value))}},d.addEventListener(\"message\",d.wp.receiveEmbedMessage,!1),l.addEventListener(\"DOMContentLoaded\",function(){for(var e,t,s=l.querySelectorAll(\"iframe.wp-embedded-content\"),r=0;r<s.length;r++)(t=(e=s[r]).getAttribute(\"data-secret\"))||(t=Math.random().toString(36).substring(2,12),e.src+=\"#?secret=\"+t,e.setAttribute(\"data-secret\",t)),e.contentWindow.postMessage({message:\"ready\",secret:t},\"*\")},!1)))}(window,document);\n\/\/# sourceURL=https:\/\/kuali.com.mx\/web\/wp-includes\/js\/wp-embed.min.js\n\/* ]]> *\/\n<\/script>\n","thumbnail_url":"https:\/\/kuali.com.mx\/web\/wp-content\/uploads\/2023\/10\/Yulma-Rocha.jpg","thumbnail_width":1712,"thumbnail_height":750,"description":"Milagros Tadeo\/Le\u00f3n, Gto.-\u00a0La diputada priista, Yulma Rocha Aguilar, podr\u00eda sumarse a los perfiles del Partido Verde Ecologista (PVEM) en busca de un cargo de elecci\u00f3n popular. El dirigente del PVEM en la entidad, Sergio Contreras Guerrero, se\u00f1al\u00f3 que s\u00ed ha tenido pl\u00e1ticas con la legisladora local a quien le ha externado su inter\u00e9s para que [&hellip;]"}

Milagros Tadeo/León, Gto.- La diputada priista, Yulma Rocha Aguilar, podría sumarse a los perfiles del Partido Verde Ecologista (PVEM) en busca de un cargo de elección popular. El dirigente del PVEM en la entidad, Sergio Contreras Guerrero, señaló que sí ha tenido pláticas con la legisladora local a quien le ha externado su interés para que [&hellip;]
