{"version":"1.0","provider_name":"Kuali","provider_url":"https:\/\/kuali.com.mx\/web","author_name":"Kuali Staff","author_url":"https:\/\/kuali.com.mx\/web\/author\/lagarto\/","title":"DECLINA TEJADA PARTICIPAR EN PROCESO INTERNO DE MORENA","type":"rich","width":600,"height":338,"html":"<blockquote class=\"wp-embedded-content\" data-secret=\"q553cMaVGw\"><a href=\"https:\/\/kuali.com.mx\/web\/2023\/10\/16\/declina-tejada-participar-en-proceso-interno-de-morena\/\">DECLINA TEJADA PARTICIPAR EN PROCESO INTERNO DE MORENA<\/a><\/blockquote><iframe sandbox=\"allow-scripts\" security=\"restricted\" src=\"https:\/\/kuali.com.mx\/web\/2023\/10\/16\/declina-tejada-participar-en-proceso-interno-de-morena\/embed\/#?secret=q553cMaVGw\" width=\"600\" height=\"338\" title=\"&#8220;DECLINA TEJADA PARTICIPAR EN PROCESO INTERNO DE MORENA&#8221; &#8212; Kuali\" data-secret=\"q553cMaVGw\" frameborder=\"0\" marginwidth=\"0\" marginheight=\"0\" scrolling=\"no\" class=\"wp-embedded-content\"><\/iframe><script type=\"text\/javascript\">\n\/* <![CDATA[ *\/\n\/*! This file is auto-generated *\/\n!function(d,l){\"use strict\";l.querySelector&&d.addEventListener&&\"undefined\"!=typeof URL&&(d.wp=d.wp||{},d.wp.receiveEmbedMessage||(d.wp.receiveEmbedMessage=function(e){var t=e.data;if((t||t.secret||t.message||t.value)&&!\/[^a-zA-Z0-9]\/.test(t.secret)){for(var s,r,n,a=l.querySelectorAll('iframe[data-secret=\"'+t.secret+'\"]'),o=l.querySelectorAll('blockquote[data-secret=\"'+t.secret+'\"]'),c=new RegExp(\"^https?:$\",\"i\"),i=0;i<o.length;i++)o[i].style.display=\"none\";for(i=0;i<a.length;i++)s=a[i],e.source===s.contentWindow&&(s.removeAttribute(\"style\"),\"height\"===t.message?(1e3<(r=parseInt(t.value,10))?r=1e3:~~r<200&&(r=200),s.height=r):\"link\"===t.message&&(r=new URL(s.getAttribute(\"src\")),n=new URL(t.value),c.test(n.protocol))&&n.host===r.host&&l.activeElement===s&&(d.top.location.href=t.value))}},d.addEventListener(\"message\",d.wp.receiveEmbedMessage,!1),l.addEventListener(\"DOMContentLoaded\",function(){for(var e,t,s=l.querySelectorAll(\"iframe.wp-embedded-content\"),r=0;r<s.length;r++)(t=(e=s[r]).getAttribute(\"data-secret\"))||(t=Math.random().toString(36).substring(2,12),e.src+=\"#?secret=\"+t,e.setAttribute(\"data-secret\",t)),e.contentWindow.postMessage({message:\"ready\",secret:t},\"*\")},!1)))}(window,document);\n\/\/# sourceURL=https:\/\/kuali.com.mx\/web\/wp-includes\/js\/wp-embed.min.js\n\/* ]]> *\/\n<\/script>\n","thumbnail_url":"https:\/\/kuali.com.mx\/web\/wp-content\/uploads\/2023\/10\/Hector-Tejada-Mario-Delgado-y-Claudia.jpeg","thumbnail_width":1766,"thumbnail_height":750,"description":"Carlos Garc\u00eda\/Le\u00f3n, Gto.- El presidente de la Confederaci\u00f3n de C\u00e1maras Nacionales de Comercio, Servicios y Turismo (Concanaco Servytur), Jos\u00e9 H\u00e9ctor Tejada Shaar, declin\u00f3 participar en el proceso interno de Morena por la coordinaci\u00f3n de los Comit\u00e9s de Defensa de la Cuarta Transformaci\u00f3n en Guanajuato. El empresario de Le\u00f3n agradeci\u00f3 a la Comisi\u00f3n Nacional Electoral haberlo [&hellip;]"}

Carlos García/León, Gto.- El presidente de la Confederación de Cámaras Nacionales de Comercio, Servicios y Turismo (Concanaco Servytur), José Héctor Tejada Shaar, declinó participar en el proceso interno de Morena por la coordinación de los Comités de Defensa de la Cuarta Transformación en Guanajuato. El empresario de León agradeció a la Comisión Nacional Electoral haberlo [&hellip;]
