{"version":"1.0","provider_name":"Kuali","provider_url":"https:\/\/kuali.com.mx\/web","author_name":"Kuali Staff","author_url":"https:\/\/kuali.com.mx\/web\/author\/lagarto\/","title":"NIEGAN ABOGADOS INDEPENDIENTES V\u00cdNCULO CON MORENA","type":"rich","width":600,"height":338,"html":"<blockquote class=\"wp-embedded-content\" data-secret=\"WuZnx0aJEL\"><a href=\"https:\/\/kuali.com.mx\/web\/2023\/04\/17\/niegan-abogados-independientes-vinculo-con-morena\/\">NIEGAN ABOGADOS INDEPENDIENTES V\u00cdNCULO CON MORENA<\/a><\/blockquote><iframe sandbox=\"allow-scripts\" security=\"restricted\" src=\"https:\/\/kuali.com.mx\/web\/2023\/04\/17\/niegan-abogados-independientes-vinculo-con-morena\/embed\/#?secret=WuZnx0aJEL\" width=\"600\" height=\"338\" title=\"&#8220;NIEGAN ABOGADOS INDEPENDIENTES V\u00cdNCULO CON MORENA&#8221; &#8212; Kuali\" data-secret=\"WuZnx0aJEL\" frameborder=\"0\" marginwidth=\"0\" marginheight=\"0\" scrolling=\"no\" class=\"wp-embedded-content\"><\/iframe><script type=\"text\/javascript\">\n\/* <![CDATA[ *\/\n\/*! This file is auto-generated *\/\n!function(d,l){\"use strict\";l.querySelector&&d.addEventListener&&\"undefined\"!=typeof URL&&(d.wp=d.wp||{},d.wp.receiveEmbedMessage||(d.wp.receiveEmbedMessage=function(e){var t=e.data;if((t||t.secret||t.message||t.value)&&!\/[^a-zA-Z0-9]\/.test(t.secret)){for(var s,r,n,a=l.querySelectorAll('iframe[data-secret=\"'+t.secret+'\"]'),o=l.querySelectorAll('blockquote[data-secret=\"'+t.secret+'\"]'),c=new RegExp(\"^https?:$\",\"i\"),i=0;i<o.length;i++)o[i].style.display=\"none\";for(i=0;i<a.length;i++)s=a[i],e.source===s.contentWindow&&(s.removeAttribute(\"style\"),\"height\"===t.message?(1e3<(r=parseInt(t.value,10))?r=1e3:~~r<200&&(r=200),s.height=r):\"link\"===t.message&&(r=new URL(s.getAttribute(\"src\")),n=new URL(t.value),c.test(n.protocol))&&n.host===r.host&&l.activeElement===s&&(d.top.location.href=t.value))}},d.addEventListener(\"message\",d.wp.receiveEmbedMessage,!1),l.addEventListener(\"DOMContentLoaded\",function(){for(var e,t,s=l.querySelectorAll(\"iframe.wp-embedded-content\"),r=0;r<s.length;r++)(t=(e=s[r]).getAttribute(\"data-secret\"))||(t=Math.random().toString(36).substring(2,12),e.src+=\"#?secret=\"+t,e.setAttribute(\"data-secret\",t)),e.contentWindow.postMessage({message:\"ready\",secret:t},\"*\")},!1)))}(window,document);\n\/\/# sourceURL=https:\/\/kuali.com.mx\/web\/wp-includes\/js\/wp-embed.min.js\n\/* ]]> *\/\n<\/script>\n","thumbnail_url":"https:\/\/kuali.com.mx\/web\/wp-content\/uploads\/2023\/04\/Abogados-Independientes.jpg","thumbnail_width":1866,"thumbnail_height":750,"description":"Carlos Garc\u00eda\/Le\u00f3n, Gto.- Es falso que la Asociaci\u00f3n de Abogados Independientes de Guanajuato (AIG) tenga relaci\u00f3n con Morena, como afirm\u00f3 el gobernador, Diego Sinhue Rodr\u00edguez Vallejo, al ser cuestionado sobre la solicitud que hizo la agrupaci\u00f3n para que destituya al secretario de seguridad, Alvar Cabeza de Vaca Appendini, aclararon los abogados Roberto Saucedo Pimentel, Oscar [&hellip;]"}

NIEGAN ABOGADOS INDEPENDIENTES VÍNCULO CON MORENA

<blockquote class="wp-embedded-content" data-secret="WuZnx0aJEL"><a href="https://kuali.com.mx/web/2023/04/17/niegan-abogados-independientes-vinculo-con-morena/">NIEGAN ABOGADOS INDEPENDIENTES VÍNCULO CON MORENA</a></blockquote><iframe sandbox="allow-scripts" security="restricted" src="https://kuali.com.mx/web/2023/04/17/niegan-abogados-independientes-vinculo-con-morena/embed/#?secret=WuZnx0aJEL" width="600" height="338" title="&#8220;NIEGAN ABOGADOS INDEPENDIENTES VÍNCULO CON MORENA&#8221; &#8212; Kuali" data-secret="WuZnx0aJEL" frameborder="0" marginwidth="0" marginheight="0" scrolling="no" class="wp-embedded-content"></iframe><script type="text/javascript">
/* <![CDATA[ */
/*! This file is auto-generated */
!function(d,l){"use strict";l.querySelector&&d.addEventListener&&"undefined"!=typeof URL&&(d.wp=d.wp||{},d.wp.receiveEmbedMessage||(d.wp.receiveEmbedMessage=function(e){var t=e.data;if((t||t.secret||t.message||t.value)&&!/[^a-zA-Z0-9]/.test(t.secret)){for(var s,r,n,a=l.querySelectorAll('iframe[data-secret="'+t.secret+'"]'),o=l.querySelectorAll('blockquote[data-secret="'+t.secret+'"]'),c=new RegExp("^https?:$","i"),i=0;i<o.length;i++)o[i].style.display="none";for(i=0;i<a.length;i++)s=a[i],e.source===s.contentWindow&&(s.removeAttribute("style"),"height"===t.message?(1e3<(r=parseInt(t.value,10))?r=1e3:~~r<200&&(r=200),s.height=r):"link"===t.message&&(r=new URL(s.getAttribute("src")),n=new URL(t.value),c.test(n.protocol))&&n.host===r.host&&l.activeElement===s&&(d.top.location.href=t.value))}},d.addEventListener("message",d.wp.receiveEmbedMessage,!1),l.addEventListener("DOMContentLoaded",function(){for(var e,t,s=l.querySelectorAll("iframe.wp-embedded-content"),r=0;r<s.length;r++)(t=(e=s[r]).getAttribute("data-secret"))||(t=Math.random().toString(36).substring(2,12),e.src+="#?secret="+t,e.setAttribute("data-secret",t)),e.contentWindow.postMessage({message:"ready",secret:t},"*")},!1)))}(window,document);
//# sourceURL=https://kuali.com.mx/web/wp-includes/js/wp-embed.min.js
/* ]]> */
</script>

Carlos García/León, Gto.- Es falso que la Asociación de Abogados Independientes de Guanajuato (AIG) tenga relación con Morena, como afirmó el gobernador, Diego Sinhue Rodríguez Vallejo, al ser cuestionado sobre la solicitud que hizo la agrupación para que destituya al secretario de seguridad, Alvar Cabeza de Vaca Appendini, aclararon los abogados Roberto Saucedo Pimentel, Oscar [&hellip;]
