{"version":"1.0","provider_name":"Kuali","provider_url":"https:\/\/kuali.com.mx\/web","author_name":"Kuali Staff","author_url":"https:\/\/kuali.com.mx\/web\/author\/lagarto\/","title":"ES BANDA DE M\u00daSICA DEL ESTADO PATRIMONIO CULTURAL\u00a0","type":"rich","width":600,"height":338,"html":"<blockquote class=\"wp-embedded-content\" data-secret=\"2DBIvcEdax\"><a href=\"https:\/\/kuali.com.mx\/web\/2022\/12\/23\/es-banda-de-musica-del-estado-patrimonio-cultural\/\">ES BANDA DE M\u00daSICA DEL ESTADO PATRIMONIO CULTURAL\u00a0<\/a><\/blockquote><iframe sandbox=\"allow-scripts\" security=\"restricted\" src=\"https:\/\/kuali.com.mx\/web\/2022\/12\/23\/es-banda-de-musica-del-estado-patrimonio-cultural\/embed\/#?secret=2DBIvcEdax\" width=\"600\" height=\"338\" title=\"&#8220;ES BANDA DE M\u00daSICA DEL ESTADO PATRIMONIO CULTURAL\u00a0&#8221; &#8212; Kuali\" data-secret=\"2DBIvcEdax\" frameborder=\"0\" marginwidth=\"0\" marginheight=\"0\" scrolling=\"no\" class=\"wp-embedded-content\"><\/iframe><script type=\"text\/javascript\">\n\/* <![CDATA[ *\/\n\/*! This file is auto-generated *\/\n!function(d,l){\"use strict\";l.querySelector&&d.addEventListener&&\"undefined\"!=typeof URL&&(d.wp=d.wp||{},d.wp.receiveEmbedMessage||(d.wp.receiveEmbedMessage=function(e){var t=e.data;if((t||t.secret||t.message||t.value)&&!\/[^a-zA-Z0-9]\/.test(t.secret)){for(var s,r,n,a=l.querySelectorAll('iframe[data-secret=\"'+t.secret+'\"]'),o=l.querySelectorAll('blockquote[data-secret=\"'+t.secret+'\"]'),c=new RegExp(\"^https?:$\",\"i\"),i=0;i<o.length;i++)o[i].style.display=\"none\";for(i=0;i<a.length;i++)s=a[i],e.source===s.contentWindow&&(s.removeAttribute(\"style\"),\"height\"===t.message?(1e3<(r=parseInt(t.value,10))?r=1e3:~~r<200&&(r=200),s.height=r):\"link\"===t.message&&(r=new URL(s.getAttribute(\"src\")),n=new URL(t.value),c.test(n.protocol))&&n.host===r.host&&l.activeElement===s&&(d.top.location.href=t.value))}},d.addEventListener(\"message\",d.wp.receiveEmbedMessage,!1),l.addEventListener(\"DOMContentLoaded\",function(){for(var e,t,s=l.querySelectorAll(\"iframe.wp-embedded-content\"),r=0;r<s.length;r++)(t=(e=s[r]).getAttribute(\"data-secret\"))||(t=Math.random().toString(36).substring(2,12),e.src+=\"#?secret=\"+t,e.setAttribute(\"data-secret\",t)),e.contentWindow.postMessage({message:\"ready\",secret:t},\"*\")},!1)))}(window,document);\n\/\/# sourceURL=https:\/\/kuali.com.mx\/web\/wp-includes\/js\/wp-embed.min.js\n\/* ]]> *\/\n<\/script>\n","thumbnail_url":"https:\/\/kuali.com.mx\/web\/wp-content\/uploads\/2022\/12\/Copia-de-BANDA.jpg","thumbnail_width":1632,"thumbnail_height":750,"description":"Kuali\/Guanajuato, Gto.-&nbsp;La Banda de M\u00fasica del Estado se convirti\u00f3 este viernes en la primera agrupaci\u00f3n art\u00edstica de Guanajuato en contar con el reconocimiento oficial como Patrimonio Cultural Intangible, al entrar en vigor el decreto gubernativo n\u00famero 130 firmado por el gobernador Diego Sinhue Rodr\u00edguez Vallejo. El decreto, publicado un d\u00eda antes en el Peri\u00f3dico Oficial [&hellip;]"}

ES BANDA DE MÚSICA DEL ESTADO PATRIMONIO CULTURAL

<blockquote class="wp-embedded-content" data-secret="2DBIvcEdax"><a href="https://kuali.com.mx/web/2022/12/23/es-banda-de-musica-del-estado-patrimonio-cultural/">ES BANDA DE MÚSICA DEL ESTADO PATRIMONIO CULTURAL </a></blockquote><iframe sandbox="allow-scripts" security="restricted" src="https://kuali.com.mx/web/2022/12/23/es-banda-de-musica-del-estado-patrimonio-cultural/embed/#?secret=2DBIvcEdax" width="600" height="338" title="&#8220;ES BANDA DE MÚSICA DEL ESTADO PATRIMONIO CULTURAL &#8221; &#8212; Kuali" data-secret="2DBIvcEdax" frameborder="0" marginwidth="0" marginheight="0" scrolling="no" class="wp-embedded-content"></iframe><script type="text/javascript">
/* <![CDATA[ */
/*! This file is auto-generated */
!function(d,l){"use strict";l.querySelector&&d.addEventListener&&"undefined"!=typeof URL&&(d.wp=d.wp||{},d.wp.receiveEmbedMessage||(d.wp.receiveEmbedMessage=function(e){var t=e.data;if((t||t.secret||t.message||t.value)&&!/[^a-zA-Z0-9]/.test(t.secret)){for(var s,r,n,a=l.querySelectorAll('iframe[data-secret="'+t.secret+'"]'),o=l.querySelectorAll('blockquote[data-secret="'+t.secret+'"]'),c=new RegExp("^https?:$","i"),i=0;i<o.length;i++)o[i].style.display="none";for(i=0;i<a.length;i++)s=a[i],e.source===s.contentWindow&&(s.removeAttribute("style"),"height"===t.message?(1e3<(r=parseInt(t.value,10))?r=1e3:~~r<200&&(r=200),s.height=r):"link"===t.message&&(r=new URL(s.getAttribute("src")),n=new URL(t.value),c.test(n.protocol))&&n.host===r.host&&l.activeElement===s&&(d.top.location.href=t.value))}},d.addEventListener("message",d.wp.receiveEmbedMessage,!1),l.addEventListener("DOMContentLoaded",function(){for(var e,t,s=l.querySelectorAll("iframe.wp-embedded-content"),r=0;r<s.length;r++)(t=(e=s[r]).getAttribute("data-secret"))||(t=Math.random().toString(36).substring(2,12),e.src+="#?secret="+t,e.setAttribute("data-secret",t)),e.contentWindow.postMessage({message:"ready",secret:t},"*")},!1)))}(window,document);
//# sourceURL=https://kuali.com.mx/web/wp-includes/js/wp-embed.min.js
/* ]]> */
</script>

Kuali/Guanajuato, Gto.-&nbsp;La Banda de Música del Estado se convirtió este viernes en la primera agrupación artística de Guanajuato en contar con el reconocimiento oficial como Patrimonio Cultural Intangible, al entrar en vigor el decreto gubernativo número 130 firmado por el gobernador Diego Sinhue Rodríguez Vallejo. El decreto, publicado un día antes en el Periódico Oficial [&hellip;]
