{"version":"1.0","provider_name":"Kuali","provider_url":"https:\/\/kuali.com.mx\/web","author_name":"Kuali Staff","author_url":"https:\/\/kuali.com.mx\/web\/author\/lagarto\/","title":"EVADEN INFORMAR SOBRE CUERPOS EN FOSA CLANDESTINA","type":"rich","width":600,"height":338,"html":"<blockquote class=\"wp-embedded-content\" data-secret=\"WPRSksernJ\"><a href=\"https:\/\/kuali.com.mx\/web\/2022\/05\/02\/evaden-informar-sobre-cuerpos-en-fosa-clandestina\/\">EVADEN INFORMAR SOBRE CUERPOS EN FOSA CLANDESTINA<\/a><\/blockquote><iframe sandbox=\"allow-scripts\" security=\"restricted\" src=\"https:\/\/kuali.com.mx\/web\/2022\/05\/02\/evaden-informar-sobre-cuerpos-en-fosa-clandestina\/embed\/#?secret=WPRSksernJ\" width=\"600\" height=\"338\" title=\"&#8220;EVADEN INFORMAR SOBRE CUERPOS EN FOSA CLANDESTINA&#8221; &#8212; Kuali\" data-secret=\"WPRSksernJ\" frameborder=\"0\" marginwidth=\"0\" marginheight=\"0\" scrolling=\"no\" class=\"wp-embedded-content\"><\/iframe><script type=\"text\/javascript\">\n\/* <![CDATA[ *\/\n\/*! This file is auto-generated *\/\n!function(d,l){\"use strict\";l.querySelector&&d.addEventListener&&\"undefined\"!=typeof URL&&(d.wp=d.wp||{},d.wp.receiveEmbedMessage||(d.wp.receiveEmbedMessage=function(e){var t=e.data;if((t||t.secret||t.message||t.value)&&!\/[^a-zA-Z0-9]\/.test(t.secret)){for(var s,r,n,a=l.querySelectorAll('iframe[data-secret=\"'+t.secret+'\"]'),o=l.querySelectorAll('blockquote[data-secret=\"'+t.secret+'\"]'),c=new RegExp(\"^https?:$\",\"i\"),i=0;i<o.length;i++)o[i].style.display=\"none\";for(i=0;i<a.length;i++)s=a[i],e.source===s.contentWindow&&(s.removeAttribute(\"style\"),\"height\"===t.message?(1e3<(r=parseInt(t.value,10))?r=1e3:~~r<200&&(r=200),s.height=r):\"link\"===t.message&&(r=new URL(s.getAttribute(\"src\")),n=new URL(t.value),c.test(n.protocol))&&n.host===r.host&&l.activeElement===s&&(d.top.location.href=t.value))}},d.addEventListener(\"message\",d.wp.receiveEmbedMessage,!1),l.addEventListener(\"DOMContentLoaded\",function(){for(var e,t,s=l.querySelectorAll(\"iframe.wp-embedded-content\"),r=0;r<s.length;r++)(t=(e=s[r]).getAttribute(\"data-secret\"))||(t=Math.random().toString(36).substring(2,12),e.src+=\"#?secret=\"+t,e.setAttribute(\"data-secret\",t)),e.contentWindow.postMessage({message:\"ready\",secret:t},\"*\")},!1)))}(window,document);\n\/\/# sourceURL=https:\/\/kuali.com.mx\/web\/wp-includes\/js\/wp-embed.min.js\n\/* ]]> *\/\n<\/script>\n","thumbnail_url":"https:\/\/kuali.com.mx\/web\/wp-content\/uploads\/2020\/10\/B\u00daSQUEDA-FOSAS-e1604013688278.jpg","thumbnail_width":717,"thumbnail_height":456,"description":"Sandra Flores\/Le\u00f3n, Gto.-El gobierno de Le\u00f3n no puede dar a conocer cu\u00e1ntos cuerpos han sido descubiertos en la fosa clandestina en la comunidad de Hacienda Arriba, donde se realiza una b\u00fasqueda en tres hect\u00e1reas de tierra, se\u00f1al\u00f3 el comisionado de Prevenci\u00f3n y Atenci\u00f3n Ciudadana de la Secretar\u00eda de Seguridad P\u00fablica (SSP), V\u00edctor Aguirre Armenta. \u201cDesafortunadamente [&hellip;]"}

https://kuali.com.mx/web/wp-content/uploads/2020/10/BÚSQUEDA-FOSAS-e1604013688278.jpg

Sandra Flores/León, Gto.-El gobierno de León no puede dar a conocer cuántos cuerpos han sido descubiertos en la fosa clandestina en la comunidad de Hacienda Arriba, donde se realiza una búsqueda en tres hectáreas de tierra, señaló el comisionado de Prevención y Atención Ciudadana de la Secretaría de Seguridad Pública (SSP), Víctor Aguirre Armenta. “Desafortunadamente [&hellip;]
